- 8*t - 4. Let h(g) = -7*g**3 - 8*g**2 - 9*g - 4. Let q(z) = 5*h(z) - 6*x(z). Give q(w).
4
Let l = -48 + 63. Let y(b) = -5 + b - l*b + 11*b. Calculate y(-6).
13
Let g(a) = -3*a**2 - 7. Let y be g(5). Let z = y + 89. Let f(c) = c**3 - 5*c**2 - 9*c - 10. Determine f(z).
25
Let g(r) = 39*r**2 - 1 - 26*r**2 - 5 + 29 - r**3 + 23*r - 22*r**2. What is g(-11)?
12
Suppose -855 + 201 = 218*v. Let a(d) = -d**2 + 4*d - 1. Determine a(v).
-22
Suppose 1652 = -86*u + 100*u. Let l be ((-59)/u)/((-1)/(-2)). Let a(i) = 4 + 3*i - 2*i - 5. Determine a(l).
-2
Let v(i) = -i**2 - 4*i + 21. Let x be v(-10). Let n = x + 39. Let m(j) = -6*j**2 + 4*j**3 + 7*j**2 - 6*j**3 + 14 - j + 3*j**3. Give m(n).
14
Let t(w) be the third derivative of 0*w + 4*w**3 + 1/120*w**6 + 13 - 1/24*w**4 + 2*w**2 + 0*w**5. Give t(0).
24
Suppose -2*k - 4*m = -4, 4*k - 6*m + 7*m = 8. Let q(o) = -63*o + 66*o + 0*o**2 - k + o**2. Let j be (4/8)/(2/(-8)). Determine q(j).
-4
Let z(s) = 4*s**2 + 49*s + 141. Let w(f) = -5*f**2 - 51*f - 147. Let b(i) = 2*w(i) + 3*z(i). Calculate b(-19).
-4
Suppose -7*n + 6379 = 6330. Let t(v) be the first derivative of 4*v + 1/2*v**2 + n. Determine t(-4).
0
Let c(p) = 59*p + 118 - 30*p - 14*p - 204. What is c(6)?
4
Let f(t) be the second derivative of -t**5/60 - t**4/4 + 5*t**3/6 + 43*t**2/2 + 6*t - 1. Let j(n) be the first derivative of f(n). Give j(-6).
5
Let c = -380 - -383. Let k(b) = 0*b**c - 8*b**2 - 1431 - b**3 + 1430 - 4*b. Determine k(-7).
-22
Let w(x) = -x + 1. Let u(r) = 10*r - 55. Let t(s) = u(s) + 6*w(s). Determine t(14).
7
Let u(r) be the second derivative of -r**4/4 + 17*r**3/3 + 25*r**2/2 - 22*r. Let v(m) = 2*m**2 - 22*m - 17. Let h(i) = 5*u(i) + 7*v(i). Give h(16).
6
Let g(x) = 3*x**2 + 7*x - 13. Let z be (13 - (26 + -19))*((-3)/9 + 1). Give g(z).
63
Let d(j) = 2*j + 5 - 3*j + 2*j + j. Let w(k) = -4*k - 10. Let m(g) = 7*d(g) + 4*w(g). Suppose 2*u - 12 = -c, 2*u + 53 = 4*c + 45. Determine m(c).
-13
Let u be (1 - 2)/(20/(-15) - -1). Suppose 0 = -3*s - 4*b + 9, 8*s - 6*s - 5 = -u*b. Let h(t) = -t**3 + 7*t**2 + t - 5. Determine h(s).
2
Let x(k) = -k**2 - 16. Let h = -401 + 711. Let w = 310 - h. Give x(w).
-16
Let n(k) = -2*k**2 + 7*k - 2. Let p be 2219/147 + -11 - 2/21. Suppose 0 = 3*h + p*w - 15, 2*w + 10 = 7*h - 5*h. What is n(h)?
-17
Let r(v) be the second derivative of -1/6*v**3 + 86*v - 2 + 0*v**2 - 1/20*v**5 + 1/3*v**4. Determine r(5).
-30
Let f(h) = -h**2 + 8*h - 16. Let y be f(5). Let x(b) = b**2 - 9*b + 11. Let s be x(8). Let q(k) = 4*k**s - 22*k - 2*k**2 + 9*k + 2*k + 10*k. What is q(y)?
-5
Suppose 0 = 50*j - 1902 + 2452. Let p(i) be the third derivative of i**4/24 + 13*i**3/6 + 3*i**2. Calculate p(j).
2
Let x(s) = -9*s + 51 + 55 - 170 + 59. Calculate x(2).
-23
Suppose -2*j = -2*l - 2, -j + 22*l = 18*l + 2. Let t(o) = o**3 + 2*o**2 + o - 6. What is t(j)?
12
Let g(r) be the second derivative of -r**5/20 + r**4/12 - r**3/6 - r**2/2 - r. Let k be 0*(32 + -13)/(-57). What is g(k)?
-1
Suppose -17 = 6*r - 2*r + 5*i, -4*i = 20. Suppose -2*x = -2 - r. Let z(p) = 14 - p + x*p - 16. Calculate z(-2).
-4
Suppose -l = 17*i - 14*i, -i = -5*l. Let j(b) be the second derivative of i*b**2 + 7/6*b**3 - 10*b + 0. Calculate j(1).
7
Let a(r) be the second derivative of -r**3/3 - 8*r**2 - 963*r - 3. Let x = 13 + -24. Determine a(x).
6
Suppose 6*u - 11*u + 2*w - 22 = 0, 24 = -5*u + 4*w. Let l(g) = -4*g + 13. Give l(u).
29
Let n(j) be the first derivative of -2*j**3/3 - 11*j**2/2 - 6*j + 8446. Give n(-4).
6
Suppose 0 = 3*f - 4*v - 1654, v = f - 2*f + 549. Let y = f + -557. Let c(h) = h**3 + 6*h**2 - 6*h + 7. Determine c(y).
0
Let g = 21248 + -21258. Let w(r) be the third derivative of r**6/120 + r**5/6 + 5*r**3/6 - 5*r**2. Calculate w(g).
5
Let o(q) = -q**2 + 5*q + 9. Suppose -8*i + 13 + 43 = 0. Let b(p) = -5*p + 35. Let c be b(i). Suppose w + 4 - 11 = c. Determine o(w).
-5
Suppose -23 - 1 = -8*s. Let l(n) = 3*n - n**s + 13*n - 7*n**2 + 6 - 19*n + 4*n. Calculate l(-7).
-1
Let r(y) = y**2 - 7*y - 5. Let z(f) = 4*f + 3. Let g(v) = 4*r(v) + 7*z(v). Suppose 119*w = 234 + 107 + 16. What is g(w)?
37
Suppose 560 = h + 4*h - 5*m, -110 = -h - m. Let z(o) = -h*o**2 + 228*o**2 - 1 - 113*o**2. What is z(-2)?
15
Let o(u) be the second derivative of u**4/4 - 8*u**3/3 + u**2/2 - 8538*u. Determine o(7).
36
Let r(q) be the second derivative of q**6/720 - q**5/60 - 26*q**4/3 - 4*q + 5. Let v(s) be the third derivative of r(s). Calculate v(-4).
-6
Let w(q) be the second derivative of q**6/40 + q**5/60 - q**3/3 + 70*q**2 - 138*q. Let r(g) be the first derivative of w(g). Calculate r(2).
26
Let w(z) be the third derivative of 23*z**6/120 - z**5/30 - z**4/12 + z**3/2 - 4*z**2. Determine w(1).
22
Suppose -c = -2, 5*p + c = -2 + 4. Suppose -5*q + 12*q - 14 = p. Let b(i) = 7*i - 2*i + q*i + 4*i**2 - 5*i**2 - 4. Calculate b(7).
-4
Let w(y) = -2*y**2 + 27*y - 12. Let p(z) = z**2 - 13*z + 5. Let a(b) = -7*p(b) - 3*w(b). Let f be 9*(-3)/4*(-4)/3. Determine a(f).
10
Let y(u) = -59*u + 1648. Let i be y(28). Let b(m) = m**3 + 3*m**2 - m - 1. Determine b(i).
-13
Let i(x) = x**2 - 6*x - 1. Suppose 5*t + 0*t = 5*z - 50, -2*z - 7*t = 25. Let q = 29 + -12. Suppose q*y + z = 18*y. Calculate i(y).
-6
Suppose -2*x = 5*l - l + 2, 3*l = -x + 1. Let i be (119/(-35) - (-2)/5) + 5. Let n(h) = -h - h + 1 - 82*h**2 + 85*h**2 + 0 - h - i*h**3. What is n(l)?
-9
Let b(k) = -k**3 + 4*k**2 + 2*k + 16. Let j be b(5). Let a(g) = g**2 + g + 1. Let n(z) = z - 1 - 2*z + 0*z + 0*z. Let s(r) = j*a(r) + 2*n(r). Calculate s(2).
1
Let y = -5 - -10. Let f(a) be the second derivative of a**5/120 + a**4/24 - 161*a**3/6 - 119*a. Let m(i) be the second derivative of f(i). What is m(y)?
6
Let c(b) be the third derivative of -b**5/30 - 2*b**3/3 + 5*b**2 + 30*b. Determine c(4).
-36
Let v(j) = 2251*j**2 - 1130*j**2 - 4*j + 3 - 1120*j**2. Let u = 3 - 0. Calculate v(u).
0
Let a(s) = -77*s**2 - 16*s**2 - 76600 + 76602 - 2*s. Give a(1).
-93
Let n(g) = 4*g + 25. Let z(y) = -2*y - 12. Let c(h) = -3*n(h) - 7*z(h). Let s(k) = -k**3 - 118*k**2 + 358*k - 614. Let q be s(-121). Give c(q).
-9
Let k(f) be the third derivative of f**4/24 + 2*f**3/3 - 8*f**2 - f. Suppose 0 = -4*i + 7 + 5. Let q be (-5 - (-5)/(-2))*4/i. Calculate k(q).
-6
Suppose 10*k + 65 = -145. Let t(q) = q**2 + 21*q - 2. Calculate t(k).
-2
Let c(r) = 2*r - 4. Let z be 0 + -4 + (-132)/(-2). Suppose -z*m + 67*m + 245 = 0. Let d = m + 56. Give c(d).
10
Let h(g) = 5 - 4*g**2 - g**3 + 0*g + 2*g + 0*g. Let j = -60796 + 60792. Determine h(j).
-3
Let g(t) = t**2 + 7*t + 1. Let w be g(-7). Let r(i) = -2*i**3 - 10*i**2 + 2. Let o be r(-5). Let l(z) = 10*z**o + 1 - w - 13*z**2 + 2*z - 2. What is l(2)?
-10
Let p(m) = 11*m - 14. Let u(g) = 42*g - 52. Let a(v) = -23*p(v) + 6*u(v). Calculate a(7).
3
Suppose 0 = -2*d + 501 - 487. Let p(w) = w**2 - 8*w + 19. Determine p(d).
12
Let v(n) = 4*n - 4. Let x(y) = -y - 1. Let o(b) = -v(b) - 5*x(b). Suppose 18*z = -0*z. What is o(z)?
9
Let f be 6*(-2)/(-7) - (-6)/21. Let r(u) = 5*u + f + 0*u - 12 + u**2 + 4*u. Give r(-10).
0
Let c be ((-1)/(-2))/(6/(-96)). Let w(a) = 155*a - 72. Let d(f) = -68*f + 31. Let m(o) = 16*d(o) + 7*w(o). Give m(c).
16
Let w(o) = o + 273*o**2 - o - 286*o**2 - 28*o**2 - 5 + 4*o. Calculate w(1).
-42
Let v(o) = 8*o**2 - 2*o + 1. Suppose 268 - 80 = 4*q. Suppose 4*m = -7 + q. Suppose 4*u + 2*z - 10 = 0, -m = 2*u - 2*z - 2*z. What is v(u)?
7
Let j(v) be the third derivative of v**4/12 + v**3/6 + 17*v**2 + v. Let m(b) = 12*b + 12. Let z(n) = 5*j(n) - m(n). Calculate z(-5).
3
Let r(x) be the first derivative of -x**3/3 + 69*x**2/2 + 65*x - 8519. Calculate r(70).
-5
Let n(i) = -i. Let z(k) = 1. Let o(p) = n(p) - 6*z(p). Suppose 3*a + 4*c + 200 = 0, a - 9*c + 6*c = -84. Let h = -67 - a. Calculate o(h).
-11
Let t(r) = 2*r**2 + 14*r + 26. Let d be t(-4). Let l(k) = 21*k + 6. What is l(d)?
48
Suppose 5*c + 74 = 3*z, -5*z + 145 = 2*c - 30. Let k be (-22)/z + (-22)/(-6). Let i(a) = 5 + 5*a**k + 24*a - 4*a**3 - 8*a**2 - 18*a. Give i(7).
-2
Suppose -8*v = -10*v + 68. Let f = -30 + v. Suppose -5*b = 3*y - 10, -b = f*b - 5*y - 10. Let d(l) = -l + 1. Give d(b).
-1
Let i(u) = -u - 8. Suppose 2714 = 24*m - 718. Let w = m - 143. Give i(w).
-8
Let u(x) = -387 - 8*x - 209 + 487. What is u(-16)?
19
Let i(z) = z**3 - 8*z**2 - 12*z + 19. Suppose 11*d - 1842